v**2 - 17*v + 12. What is the tens digit of s(t)?
2
Let o = 2 - 3. Let z be ((-21)/14)/(o/2). Suppose -3*k + 0*k = -z*i + 57, -2*k + 67 = 5*i. What is the units digit of i?
5
Let q be 15/2 - 4/(-8). Let y be (-7 - -6)*(-2 + -1). What is the units digit of -30*(2 - q/y)?
0
Let i be 203 - ((-2 - (4 - 3)) + 4). Suppose -4*y = -2*y - i. What is the tens digit of y?
0
Suppose 0 = -55*p + 61*p - 3672. What is the tens digit of p?
1
Suppose 0 = 3*b + 44 - 260. Suppose -5*o + o = -b. What is the units digit of 1/9 - (-358)/o?
0
Let t(o) = 2*o**2 + 21*o + 18. Let s be t(-14). Suppose 0 = 5*g + s - 956. What is the tens digit of g?
6
Suppose 2*h + 9*h = 4829. Suppose 275 + h = 7*d. What is the tens digit of d?
0
Let d be 24/((18/4)/(5 + 1)). Let t = d + 84. What is the tens digit of t?
1
Let n(x) be the first derivative of -3/2*x**2 - 5*x + 8. What is the units digit of n(-11)?
8
Let f(m) = 14*m**2 - 19. What is the units digit of f(7)?
7
What is the tens digit of 44/11 + 4137/6*2?
8
Let a(s) = -86*s - 158. What is the tens digit of a(-16)?
1
Let y(h) = -16*h + 53. What is the tens digit of y(-11)?
2
What is the hundreds digit of (7/84*-4)/((-2)/930)?
1
Suppose -37 = 4*r + 7. Suppose -3*q - 5*s = -3, s = 3*q - 6*q + 3. What is the units digit of (q + 7)/(r - -12)?
8
Suppose 149*v = 144*v + 9465. What is the units digit of v?
3
What is the hundreds digit of 8 + (0 + -8 - -1020)?
0
Suppose 103 = -6*r + 301. What is the units digit of r?
3
Suppose 2*c = -3*s - 7, 0*s = -2*c + 4*s + 28. Let h be -1*(-10 + -2) + 2. Suppose -9*k + c = -h. What is the units digit of k?
2
Let w be 383/5 - (-24)/(-40). Let z = -35 + w. What is the units digit of z?
1
Let i(m) = -2 - 7*m + m**2 + 6 - 3. What is the units digit of i(11)?
5
Let k(z) be the third derivative of -z**4/8 + z**3/3 - z**2. Let y be k(-5). Suppose -61 + y = -m. What is the tens digit of m?
4
Let c = 30 + -23. Suppose -11*z = -c*z - 372. What is the units digit of z?
3
Suppose -2*n + 4*n = 512. Suppose 4*y - n = -c + 5*c, 5*c + 198 = 3*y. What is the tens digit of y?
6
Let m(h) = -h**3 + 4*h**2 + 2*h + 1. Let c be m(4). Let p = -17 + c. Let k = 8 - p. What is the tens digit of k?
1
Let u(t) = 41*t**3 - 2*t**2 + 2*t - 1. Let p be u(1). Suppose 4 + 10 = y + 2*l, 4*l = -4*y + p. Suppose 0 = -d - y + 28. What is the units digit of d?
2
Let r be 187/22 - (-2)/4. Suppose 2*w + 4*f = r*f + 58, -4*w - 2*f + 68 = 0. What is the units digit of w?
9
Suppose -10*m = -8*m - 8. Suppose m*r = -4*j + 40, 26 = 2*r + 2*j + 2*j. What is the units digit of r?
7
What is the tens digit of 425 - (10 - 2)*21/(-84)?
2
Let m = 31 - 37. What is the tens digit of (5 + m)/((-3)/141)?
4
Suppose 6095 + 4888 = 3*p - 5*z, -5*p + 18324 = -2*z. What is the units digit of p?
6
What is the tens digit of (-4 + (2 - -287))*(-10)/(-25)?
1
Suppose 0 = 5*k + k + 36. Let j be (k/12)/(1/(-2)). What is the units digit of (j - -11) + (11 - 8)?
5
Let z = 40 + -36. Suppose 2*t + 22 + 254 = 5*a, z*t = -2*a + 96. What is the units digit of a?
4
Let s(j) = 3*j**3 - 2*j**2 + 19*j + 7. Let h(y) = -y**3 + y**2 - 9*y - 3. Let a(z) = 13*h(z) + 6*s(z). What is the tens digit of a(2)?
4
Let f(n) = n + n**3 - 7*n**2 + 0*n**2 + 8 + 4*n. Let d be f(6). Let t(m) = m**3 + m**2 - 2*m - 1. What is the units digit of t(d)?
7
Suppose -2*t - 184 = -4*i, -4*i + t + 3*t = -188. Suppose i = d - 15. What is the tens digit of d?
6
Let c = 17 - 12. Let a(l) = l**2 + 12*l + 20. Let t be a(-10). Suppose t = -m + 23 - c. What is the units digit of m?
8
Let v = -16 - -510. What is the tens digit of v?
9
Let b = -457 + 515. What is the units digit of b?
8
Let g(a) = 30*a + 7. Let v(r) = -30*r - 6. Let m(h) = -4*g(h) - 5*v(h). Let k be m(4). Suppose 3*p + 5*q = 42 + 68, k = 3*p - q. What is the units digit of p?
0
Let y = 741 - 489. What is the units digit of y?
2
Let i be (-2)/(2/304 + 0). Let g be 3/(-7) + i/(-56). Suppose -2*k - 96 = -g*k. What is the units digit of k?
2
Suppose 2*i - 4*i + 20 = 0. Let r be 8/i*(-75)/(-6). Let b(k) = k**3 - 10*k**2 + 4*k - 11. What is the tens digit of b(r)?
2
Suppose 2*p = -5*a + 409 + 791, 459 = 2*a + 5*p. What is the tens digit of a?
4
Let n be -4*4/20*20/(-8). Suppose 137 - n = 3*s. What is the tens digit of s?
4
Let k(h) be the third derivative of 3*h**6/20 - h**5/60 - 5*h**4/24 + h**3/3 - 13*h**2. What is the tens digit of k(2)?
3
Suppose 6*v - 8 = 4*v. Suppose 5*g - 198 = -4*n, 0*n - 2*g = v*n - 204. What is the units digit of n?
2
Let u = -432 + 1792. Suppose -5*j - u + 61 = -n, -n - 261 = j. What is the tens digit of (-1)/(4 - j/(-64))?
1
Let w = 2056 + -72. What is the tens digit of w?
8
Suppose 0 = 2*y - g - 13, -3*y + 5 + 7 = g. Suppose -4*i = -5*n + 245, 0 = -n + 2*n + y*i - 20. What is the tens digit of n?
4
Suppose z - 1824 = 7*n - 12*n, -n - 4 = 0. What is the tens digit of z?
4
Let x = 2 + -2. Suppose -r + 2 = -x. Suppose 0 = -r*s - 3*s + 50. What is the tens digit of s?
1
What is the units digit of (-118899)/(-189) - 2/21?
9
Suppose a + 3 = -l, -2*a + 9 = -4*a - l. What is the units digit of a/14 - (-27135)/105?
8
Let t(x) = -x + 4. Let n be t(4). Suppose -3*r - 52 - 8 = n. Let g = r + 24. What is the units digit of g?
4
Suppose 1 = t - 5*j, -t + 3*j + 4 = 3. Let c be (-3)/(3/(-14)) + t. Let k = c - 3. What is the tens digit of k?
1
Let n = 73 - -763. What is the hundreds digit of n?
8
Suppose h = 2*h - 10. Let l(a) = a**3 - 9*a**2 - 6*a - 12. What is the tens digit of l(h)?
2
Let n(p) = 2734*p**2 + 3*p + 3. What is the hundreds digit of n(-1)?
7
Suppose -5*u - 6 = -s + 148, 0 = 4*s - 5*u - 616. What is the tens digit of 1 + 8/2 + s?
5
Let g(j) = -3*j**2 + 114*j + 5. What is the hundreds digit of g(33)?
5
What is the units digit of ((-18)/9)/(1*(-1)/28)?
6
Let j(q) = q. Let l(h) = 7*h - 1. Let o(b) = -4*j(b) + l(b). Let i be 6/(-10) - (-299)/65. What is the units digit of o(i)?
1
Let j(w) = -331*w - 236. What is the hundreds digit of j(-4)?
0
Suppose 49*y = 48*y + 91. Let d = -16 + y. What is the units digit of d?
5
Let s be (-5 - 0) + 201 - (1 - 4). Let f = s - 92. What is the tens digit of f?
0
What is the units digit of (104 + -51)/(2 - 1)?
3
Let o(a) = -a**2 - 18*a - 30. Let y be o(-16). Suppose 0*r + 645 = 5*m - y*r, 387 = 3*m + 5*r. What is the units digit of m?
9
Suppose -5*s - 4 = -24. What is the tens digit of ((-2)/s)/(1/(-94))?
4
Let u = -28 + 32. Suppose u*l - 5*p - 60 = 0, -l + 6*p + 12 = 4*p. What is the units digit of l?
0
Let j(p) = 3*p**3 - 2*p**2 - 2. Let i(t) = 4*t**2 - t - 1. Let c(k) = 3*k**2 - k - 2. Let d(r) = 3*c(r) - 2*i(r). Let a be d(3). What is the tens digit of j(a)?
1
Suppose -3*h + 0*h + 15 = 0. Let p(g) = 4*g + 5. What is the units digit of p(h)?
5
Suppose 2*n = 9*n - 1449. What is the tens digit of n?
0
Let i = 92 + -95. What is the hundreds digit of (-1077)/(-6) + i/(-6)*-3?
1
Let s(v) = 37*v**2 + 2*v + 1. Let f = -27 - -26. What is the tens digit of s(f)?
3
Let d(p) = -p**3 + 7*p**2 - 4*p - 4. Let i be d(6). Let r(z) = z**2 - 6*z + 10. Let q be r(i). Suppose 0 = -0*w - w + q. What is the units digit of w?
6
Suppose 4*i - 417 - 1704 = -5*z, 0 = -3*z - 3*i + 1272. What is the units digit of z?
5
Let o(k) = -7 + 5*k**2 + 8 - 2. What is the units digit of o(-3)?
4
Suppose -4*z - 7 = -11. Let w be ((3 - 1) + 2)/z. Suppose 0 = 2*r + 3*f - w*f - 41, 0 = -2*r - 2*f + 26. What is the units digit of r?
8
Let s = -5 + 6. Let j be (-4)/(4/(-21))*s. Let i = j - 7. What is the tens digit of i?
1
What is the units digit of -2*(-42 + -7 + 6)?
6
Let x(n) = -n**2 + 14. Let w be x(0). Suppose 2*p + 3*m = w, 2*p + 6*m = m + 10. Let a(h) = -h**2 + 13*h + 13. What is the units digit of a(p)?
3
Let s(q) = -2*q**2 - q + 5. Let w be s(-8). Let j = w - -191. What is the units digit of j?
6
Let s be 4/6 - (-4)/3. Suppose 0 = s*h - 4, b = -2*h - 2*h + 94. What is the units digit of b?
6
Let d(a) = -2*a - 16. Let h be d(-11). Let x(z) = z**3 - h - 3 - 1 - 7*z**2 - 6*z + 1. What is the units digit of x(8)?
7
Let v = 1691 + -1203. What is the tens digit of v?
8
Suppose -5*m + 11208 = -4532. What is the thousands digit of m?
3
Let i = -14 - -512. What is the hundreds digit of i?
4
Suppose -d + 1314 + 2075 = 0. What is the tens digit of d?
8
Let o = -53 + 56. Suppose -223 = -2*c - o*x, -233 = -2*c - 0*x - x. What is the uni